32*z - 180. Let y = 5 + 8. Calculate the remainder when z is divided by y.
10
Let j = -33 - -59. What is the remainder when (2*-6)/(1/((-17)/2)) is divided by j?
24
Let n be (-6)/(0 + (-6)/(-4) - 3). Suppose n*u = -u + 20, 4*j + 2*u = 232. What is the remainder when j is divided by 16?
8
Suppose -1023 = -6*p - 489. What is the remainder when p is divided by 30?
29
Suppose i = -q + 64, 378 = 5*q - 5*i + 78. Let b be ((-230)/4 + 2)*-2. Let u = b + -79. What is the remainder when q is divided by u?
30
Suppose 4*v - 3*x - 117 = 0, 23 + 2 = v - 5*x. What is the remainder when 42 is divided by v*(20/8 - 2)?
12
Suppose -6*n = -4*n - 68. Suppose 8*h + 117 = 1325. Let q = -85 + h. Calculate the remainder when q is divided by n.
32
Let z(s) = -s + 147. What is the remainder when z(-6) is divided by 26?
23
Let t = 386 + -375. Calculate the remainder when 15 is divided by t.
4
Suppose 5 + 36 = i. Let j(x) = -3*x - 42. Calculate the remainder when i is divided by j(-21).
20
Let n = -219 - -246. Suppose -4*o - 39 = -5*g, 4*g - 2*g = 3*o + 17. Calculate the remainder when n is divided by g.
6
Suppose n + 584 = 3*i, -8*n + 4*n = 3*i - 559. Suppose -2*l = -6*v + v + 75, -5*l = -2*v + 51. Calculate the remainder when i is divided by v.
11
Let m be (-2 + 4)/(-2) + 0/(-5). What is the remainder when 48 is divided by (-5)/(((-10)/12 - m)*-3)?
8
Let r = -31 + 38. Let c = -5 + r. What is the remainder when 3 is divided by c?
1
Suppose n = w - 57, 8 = w + 5*n - 31. Suppose w = -7*v + 341. Calculate the remainder when v is divided by 14.
13
Let d(u) = -20*u**2 + 22*u**2 + u**3 - 5 - 2 - 8*u. Let n be d(-5). What is the remainder when (n/(-63))/(2/90) is divided by 16?
14
Let g = 32 - 23. What is the remainder when 39 is divided by (-25)/(-3) + (-3)/g?
7
Suppose -5*a + 13 = -2. Suppose f - 19 = -u, -a*f = -17 + 5. Suppose -4*t = -u - 13. What is the remainder when 25 is divided by t?
4
Suppose 10*x = 15*x - 180. What is the remainder when 2/(-6) - 424/(-3) is divided by x?
33
Let q = 281 + -63. Suppose 19 = 3*c - q. Calculate the remainder when c is divided by 16.
15
Suppose m = -b - 7, 5*m + 7*b + 37 = 3*b. Let n = m + -4. Let s = n - -55. Calculate the remainder when s is divided by 15.
12
Suppose x = 4*x - 126. What is the remainder when (203 + -80)/(2 - (1 - 0)) is divided by x?
39
Let i = -1 - -3. Suppose -i*y = 5*l - 144, 0 = -5*l - 3*y - 0*y + 141. Let p = -21 + l. What is the remainder when 34 is divided by p?
7
Suppose 5*k - h - 990 = 4*h, h = -4*k + 812. Calculate the remainder when k is divided by 94.
14
Suppose 0 = 51*q - 63*q + 156. Calculate the remainder when q is divided by 5.
3
Suppose 0 = u - 0*u - 9. Suppose u*v - 7*v = 26. What is the remainder when v is divided by 5?
3
What is the remainder when 12/(-30)*77*5/(-2) is divided by 23?
8
Let i = -14 - -69. What is the remainder when i is divided by 8?
7
Let l = 47 - 9. Let g(p) = -p + 3. Let t be g(4). Let q = 12 - t. What is the remainder when l is divided by q?
12
Suppose s - 8 = -3*s. Suppose -a = s*a - 90. Calculate the remainder when 30 is divided by (a/(-25))/((-3)/40).
14
Suppose -4*u = -5*j + 106, 2*u + 42 = -5*j + 7*j. Let i = -37 - -80. Calculate the remainder when i is divided by j.
21
Let l = 3 - 5. Let m = 605 - 597. Calculate the remainder when m is divided by -2 + 10/(l + 4).
2
Suppose 2*x + 279 = 495. What is the remainder when x is divided by 22?
20
Calculate the remainder when 165 is divided by (-5 - -6)/(-5 - 1430/(-285)).
51
Let c = 1350 - 1289. Calculate the remainder when c is divided by 18.
7
Let q = -305 + 391. What is the remainder when q is divided by 22?
20
Suppose 2*g - 2*z + 625 - 6733 = 0, 0 = -z. What is the remainder when g is divided by 16?
14
Calculate the remainder when ((-27)/18 - 166/(-20))*20 is divided by 23.
21
Let v = 2 - 6. Let a(n) be the first derivative of -n**3/3 - 3*n**2 + 3*n - 3. Calculate the remainder when 42 is divided by a(v).
9
Let v(m) = -m**2 - 20*m - 26. Calculate the remainder when v(-13) is divided by 29.
7
Let o = -245 + 624. Calculate the remainder when o is divided by 19.
18
Suppose -55*i + 64*i = 693. What is the remainder when i is divided by 26?
25
Calculate the remainder when (-153)/(-5) + 2/5 is divided by 2.
1
Let j be (-3)/12 + (-49)/(-4). Suppose -j*z + 42 = -15*z. Calculate the remainder when 4 is divided by 12/z*7/(-2).
1
Suppose 0 = 45*j + 62*j - 1675 - 251. Suppose 6 = a - 2*a. Calculate the remainder when 214/3 - (-2)/a is divided by j.
17
Suppose -25 = 5*g, 2*m + 2*m = -g + 987. What is the remainder when 1*m/(2 + 2) is divided by 16?
14
Suppose 0 = -10*a + 26*a - 624. What is the remainder when a is divided by 24?
15
Suppose -4*y + 11 = r, -2*r = -23*y + 18*y + 4. Calculate the remainder when 34 is divided by y.
0
Let l(r) = -r**3 + 8*r**2 + 9*r - 11. Let p(s) = 2*s**3 - 17*s**2 - 19*s + 23. Let h(j) = 9*l(j) + 4*p(j). Calculate the remainder when 21 is divided by h(4).
8
Let b be 123/3 + (3 - 2). Suppose 3*j - b = j. Let a(f) = 3*f - 4. Calculate the remainder when j is divided by a(5).
10
Let l(q) = q - 15. Let k be l(24). Suppose 13 = 3*t + 2*i, -4*t + k*t + 2*i - 27 = 0. Calculate the remainder when 24 is divided by t.
3
Let h(o) = -o**3 - o**2 - o - 1. Let c be h(-1). Let i be 1*(-7)/((-28)/16). Suppose i*r - r - 30 = c. What is the remainder when 27 is divided by r?
7
Let q(s) = -s**3 - 3*s**2 - 2*s + 5. Let j = -4 + 12. What is the remainder when q(-4) is divided by j?
5
Suppose -25*g + 20*g + 145 = 0. Calculate the remainder when 58 is divided by g.
0
Let q = 36 + -36. Suppose 0 = t - 3*r - 11 - 15, 3*t + r - 78 = q. Calculate the remainder when 74 is divided by t.
22
Suppose -4*k = 5*y - 2230, -4*y - k + 1295 + 489 = 0. Calculate the remainder when y is divided by 14.
12
Let h = -47 - -89. What is the remainder when 123 is divided by h?
39
Let l(b) = b**2 + 8*b + 8. Let v be l(-6). Let k(x) = 4*x**2 + 7*x + 3. What is the remainder when 75 is divided by k(v)?
36
Let m(t) = t**2 - 36*t - 61. What is the remainder when 1334 is divided by m(38)?
14
What is the remainder when 966/5 + (-4)/20 is divided by 49?
46
Let h(k) be the first derivative of k**3/3 - k**2/2 + 2. Suppose -172 + 29 = -13*x. Calculate the remainder when h(-4) is divided by x.
9
Suppose -n + 0*n = -13. Let p(l) = l + 13. What is the remainder when p(n) is divided by 9?
8
Let r = -46 - -31. Calculate the remainder when 18 is divided by (-12)/r*50/4.
8
Suppose -4*z + 15 = -z. Suppose -z*q - 40 = -10. Let p(v) = -v - 3. Calculate the remainder when 8 is divided by p(q).
2
Suppose 5*q - 655 = -5*h, -h = -35*q + 37*q - 264. Calculate the remainder when q is divided by 2.
1
Suppose 0 = i + 2*i - a - 63, 3*i + 2*a - 54 = 0. Let u = 74 - 36. What is the remainder when u is divided by i?
18
Let t(c) = 4*c**2 - 1. Let u be t(-1). Suppose -3*v + 3 = -u. Suppose v*y = 4*y - 30. What is the remainder when 29 is divided by y?
14
Let m(q) = -13*q + 2. Let j = 28 - 24. What is the remainder when m(-2) is divided by j?
0
What is the remainder when 1897 is divided by 27*((-198)/(-27) - 7)?
7
Let r(b) = 47*b. Let q be r(1). Suppose -2*v + q = 9. Calculate the remainder when 71 is divided by v.
14
Suppose -d + 81 = 5*n - 0*d, 0 = -3*n + 3*d + 45. Let v = n + 1. Let r = 0 - -5. What is the remainder when v is divided by r?
2
Suppose r + 44 = 5*r. Suppose 0 = -2*a + 17 - 15. Calculate the remainder when (a - 5) + -1 + 22 is divided by r.
6
Let g(f) = -f**3 + f**2 + 47. Let k be 0*3/6*-1. Let w(x) = -3*x**2 - 28*x + 7. What is the remainder when g(k) is divided by w(-9)?
15
Let c(n) = -n**3 + 6*n**2 + 25*n + 7. Calculate the remainder when 245 is divided by c(8).
8
Let b be (-6)/(-3)*(-5 - -3). Let p(z) = z**2 - z. What is the remainder when p(b) is divided by (-6)/(-10) - (-312)/30?
9
Suppose 0 = 2*q + 4*p - 80, 5*q + 4*p = 9 + 227. Suppose 4*k = -8, 0*k - 53 = -5*w + 4*k. Calculate the remainder when q is divided by w.
7
What is the remainder when 8 is divided by (-1 + 1 + -1 + -4)*-1?
3
Suppose 11*j = 47 + 426. Let o(w) = w + 7. Calculate the remainder when j is divided by o(8).
13
Let j(d) = 16*d**2 - 3*d - 2. Suppose -6*b + 4 = -10*b. What is the remainder when 32 is divided by j(b)?
15
Let q = -120 - -173. Let k = -65 - -134. Suppose 3*m - 5*j = 6*m - k, 6 = -2*j. 